{"id":2477,"date":"2026-04-04T20:37:15","date_gmt":"2026-04-04T19:37:15","guid":{"rendered":"https:\/\/kobuitengewoon.nl\/?page_id=2477"},"modified":"2026-04-07T12:45:19","modified_gmt":"2026-04-07T11:45:19","slug":"buitenschoolse-opvang","status":"publish","type":"page","link":"https:\/\/kobuitengewoon.nl\/index.php\/buitenschoolse-opvang\/","title":{"rendered":"Buitenschoolse opvang"},"content":{"rendered":"<div class=\"wpb-content-wrapper\"><p>[vc_row equal_height=&#8221;yes&#8221; content_placement=&#8221;middle&#8221; css_animation=&#8221;fadeInUp&#8221;][vc_column width=&#8221;1\/2&#8243;][vc_column_text css=&#8221;&#8221;]<\/p>\n<h4 class=\"tracking-tighter xl:w-8\/12 lg:w-10\/12 w-full font-sans text-3xl lg:leading-snug leading-9 text-brandprimary\">De buitenschoolse opvang (BSO) van BuitenGewoon is er voor kinderen van 4 \u2013 tot einde basisschool. Onze pedagogisch professionals halen de kinderen na schooltijd op van scholen uit de buurt (Woudrichem, Oudendijk, Rijswijk, Sleeuwijk, Almkerk en Andel). Tijd om te ontspannen na een schooldag. Buitenspelen, lezen in de bibliotheek, spelen in \u00e9\u00e9n van de vele hoeken \u00f3f lekker knutselen. Onze gediplomeerde pedagogisch professionals geven persoonlijke en oprechte aandacht aan jouw kind. We hebben onze buitenschoolse opvang verdeeld in twee groepen, gebaseerd op leeftijd. Lees <a href=\"https:\/\/kobuitengewoon.nl\/index.php\/onze-groepen-op-de-buitenschoolse-opvang\/\">hier<\/a> meer over onze groepen.<\/h4>\n<p>[\/vc_column_text][\/vc_column][vc_column width=&#8221;1\/2&#8243;][vc_single_image image=&#8221;2447&#8243; img_size=&#8221;medium&#8221; alignment=&#8221;center&#8221; css=&#8221;&#8221;][\/vc_column][\/vc_row][vc_row css_animation=&#8221;fadeInUp&#8221; css=&#8221;.vc_custom_1774984828866{background-color: #BED231 !important;border-radius: 20px !important;}&#8221;][vc_column][vc_column_text css=&#8221;&#8221;]<\/p>\n<h4 style=\"text-align: center;\">&#8220;Bij BuitenGewoon maken we vrije tijd \u00e9cht van de kinderen, zodat ze elke dag met plezier kunnen ontdekken wie ze zijn, waar ze zin in hebben en wat hen blij maakt.&#8221;<\/h4>\n<p>[\/vc_column_text][\/vc_column][\/vc_row][vc_row css_animation=&#8221;fadeInUp&#8221; css=&#8221;.vc_custom_1774985965251{border-radius: 20px !important;}&#8221;][vc_column][vc_column_text css=&#8221;&#8221;]<\/p>\n<h3><strong>Werkwijze<\/strong><\/h3>\n<p>Bij BuitenGewoon geloven we dat vrije tijd moeten voelen als\u2026 nou ja, vrije tijd. Zodra kinderen binnenkomen, valt de druk van de schooldag even van hun schouders en mogen ze hun eigen ding doen. Onze thema\u2019s geven een vrolijke slinger aan de middag, maar kinderen kiezen zelf hoe ze die invullen. Onze pedagogisch professionals zijn er om te inspireren, te begeleiden en af en toe een duwtje in de goede richting te geven \u2014 maar we laten altijd ruimte voor eigen plannen, grote idee\u00ebn en kleine momenten van rust.[\/vc_column_text][\/vc_column][\/vc_row][vc_row css_animation=&#8221;fadeInUp&#8221;][vc_column width=&#8221;1\/2&#8243;][vc_single_image image=&#8221;2522&#8243; img_size=&#8221;full&#8221; css=&#8221;&#8221;][\/vc_column][vc_column width=&#8221;1\/2&#8243;][vc_column_text css=&#8221;&#8221;]<\/p>\n<h3><strong>Voorschoolse opvang (07:00 \u2013 08:30)<\/strong><\/h3>\n<div>\n<p>Onze voorschoolse opvang is een warme, rustige start van de dag. Kinderen kunnen binnenkomen in hun eigen tempo \u2014 spelen, kletsen, even wakker worden of alvast heerlijk beginnen aan een nieuw dagdeel. Geen tijd gehad voor ontbijt thuis?<br \/>\nGebruik dan onze ontbijtservice. We zorgen dat iedereen met een gevulde buik en een prettig gevoel de dag start. Wanneer het tijd is om naar school te gaan, brengen we de kinderen netjes weg. En voor kinderen die het al kunnen en mogen: zelfstandig naar school gaan kan natuurlijk ook \u2014 altijd in overleg met ouders.<\/p>\n<\/div>\n<p>[\/vc_column_text][\/vc_column][\/vc_row][vc_row css_animation=&#8221;fadeInUp&#8221;][vc_column width=&#8221;1\/2&#8243;][vc_column_text css=&#8221;&#8221;]<\/p>\n<h3><strong>Naschoolse opvang (tot 18:30)<\/strong><\/h3>\n<div>\n<p>Na school halen we de kinderen graag en met veel plezier op. Een warme begroeting, een positieve insteek \u2014 dat is de basis van onze naschoolse opvang. We starten gezamenlijk aan de groepstafel met een gezonde hap en water. Daarna is er alle ruimte om te kiezen waar een kind op dat moment behoefte aan heeft. We bieden inspiratie en uitdaging, maar kinderen bepalen zelf wat hen op dat moment goed doet. Honger aan het eind van de middag? Kinderen mogen een eigen warme maaltijd meenemen, maar we bieden ook een warme\u2011maaltijdservice aan. Samen tafelen is een moment waar we bij BuitenGewoon van genieten.<\/p>\n<\/div>\n<p>[\/vc_column_text][\/vc_column][vc_column width=&#8221;1\/2&#8243;][vc_single_image image=&#8221;2526&#8243; img_size=&#8221;full&#8221; css=&#8221;&#8221;][\/vc_column][\/vc_row][vc_row css_animation=&#8221;fadeInUp&#8221;][vc_column width=&#8221;1\/2&#8243;][vc_single_image image=&#8221;2525&#8243; img_size=&#8221;full&#8221; css=&#8221;&#8221;][\/vc_column][vc_column width=&#8221;1\/2&#8243;][vc_column_text css=&#8221;&#8221;]<\/p>\n<h3><strong>Vakantieopvang\u00a0 (08:00 &#8211; 18:30) &amp; studiedagen (08:30 &#8211; 18:30)<\/strong><\/h3>\n<div>\n<p>In de schoolvakanties maken we er iets bijzonders van. We werken met thema&#8217;s en streven er elke dag naar om minstens \u00e9\u00e9n beweegactiviteit, \u00e9\u00e9n knutselactiviteit \u00e9n \u00e9\u00e9n kookactiviteit aan te bieden. Dat betekent: volop ontdekken, plezier maken, samenwerken en nieuwe ervaringen opdoen. Rustmomenten horen daar natuurlijk ook bij \u2014 we stemmen het programma altijd af op de behoeften en energie van de kinderen. Tijdens studiedagen zijn we er ook. Het programma verschilt per dag; soms groots en actief, soms klein en ontspannen \u2014 maar altijd BuitenGewoon.<\/p>\n<\/div>\n<p>[\/vc_column_text][\/vc_column][\/vc_row]<\/p>\n<\/div>","protected":false},"excerpt":{"rendered":"<p>[vc_row equal_height=&#8221;yes&#8221; content_placement=&#8221;middle&#8221; css_animation=&#8221;fadeInUp&#8221;][vc_column width=&#8221;1\/2&#8243;][vc_column_text css=&#8221;&#8221;] De buitenschoolse opvang (BSO) van BuitenGewoon is er voor kinderen van 4 \u2013 tot einde basisschool. Onze pedagogisch professionals halen de kinderen na schooltijd [&hellip;]<\/p>\n","protected":false},"author":7,"featured_media":0,"parent":0,"menu_order":0,"comment_status":"closed","ping_status":"closed","template":"","meta":{"_genesis_hide_title":false,"_genesis_hide_breadcrumbs":false,"_genesis_hide_singular_image":false,"_genesis_hide_footer_widgets":false,"_genesis_custom_body_class":"","_genesis_custom_post_class":"","_genesis_layout":"","footnotes":""},"class_list":["post-2477","page","type-page","status-publish","entry"],"_links":{"self":[{"href":"https:\/\/kobuitengewoon.nl\/index.php\/wp-json\/wp\/v2\/pages\/2477","targetHints":{"allow":["GET"]}}],"collection":[{"href":"https:\/\/kobuitengewoon.nl\/index.php\/wp-json\/wp\/v2\/pages"}],"about":[{"href":"https:\/\/kobuitengewoon.nl\/index.php\/wp-json\/wp\/v2\/types\/page"}],"author":[{"embeddable":true,"href":"https:\/\/kobuitengewoon.nl\/index.php\/wp-json\/wp\/v2\/users\/7"}],"replies":[{"embeddable":true,"href":"https:\/\/kobuitengewoon.nl\/index.php\/wp-json\/wp\/v2\/comments?post=2477"}],"version-history":[{"count":41,"href":"https:\/\/kobuitengewoon.nl\/index.php\/wp-json\/wp\/v2\/pages\/2477\/revisions"}],"predecessor-version":[{"id":2621,"href":"https:\/\/kobuitengewoon.nl\/index.php\/wp-json\/wp\/v2\/pages\/2477\/revisions\/2621"}],"wp:attachment":[{"href":"https:\/\/kobuitengewoon.nl\/index.php\/wp-json\/wp\/v2\/media?parent=2477"}],"curies":[{"name":"wp","href":"https:\/\/api.w.org\/{rel}","templated":true}]}}